 30 a factor of 33320656?
False
Does 48 divide 2113872?
True
Does 861 divide 199886819?
False
Does 1240 divide 46932760?
True
Is 477 a factor of 1367771584?
False
Does 10 divide 25913379?
False
Does 23 divide 50044252?
False
Is 774 a factor of 25097587?
False
Is 415 a factor of 2042630?
True
Is 2939038080 a multiple of 31?
True
Is 88217665 a multiple of 29?
False
Is 184726811 a multiple of 17?
True
Does 56 divide 427760536?
True
Is 229578767 a multiple of 67?
False
Is 709711325 a multiple of 435?
False
Is 41131800 a multiple of 108?
True
Does 557 divide 961165884?
True
Does 1614 divide 9731389?
False
Is 9 a factor of 43367643?
True
Is 39 a factor of 29679963?
False
Does 37 divide 1601529924?
False
Does 20 divide 223167046?
False
Is 27 a factor of 2216672?
False
Is 7562733 a multiple of 333?
False
Is 7 a factor of 4327532?
False
Does 6 divide 1037603286?
True
Is 3247 a factor of 102129974?
False
Is 81 a factor of 1336313683?
False
Does 3703 divide 502804449?
True
Does 505 divide 311579445?
True
Does 37 divide 17414864?
True
Is 196 a factor of 1197387716?
True
Does 2 divide 116556467?
False
Is 2560258692 a multiple of 9?
True
Does 81 divide 42729181?
False
Does 10 divide 47777622?
False
Is 137933720 a multiple of 68?
False
Does 1661 divide 641694130?
True
Is 35606908 a multiple of 17?
True
Is 412481819 a multiple of 720?
False
Is 137 a factor of 908808924?
False
Is 391489147 a multiple of 603?
False
Is 15 a factor of 194781599?
False
Is 1051 a factor of 31885238?
True
Does 887 divide 2636617508?
False
Does 3157 divide 61132148?
True
Is 370368006 a multiple of 2566?
False
Is 2525 a factor of 1409444900?
True
Is 14737226 a multiple of 658?
True
Does 763 divide 80467034?
False
Does 31 divide 1308675757?
True
Does 45 divide 136684541?
False
Is 408 a factor of 71424844?
False
Is 61 a factor of 86639276?
True
Does 517 divide 22397474?
True
Does 2513 divide 87530303?
True
Is 1845601670 a multiple of 55?
True
Is 214414284 a multiple of 116?
True
Is 237872110 a multiple of 757?
True
Does 113 divide 76337263?
True
Is 102599580 a multiple of 60?
True
Is 12 a factor of 35776681?
False
Does 116 divide 459979788?
True
Does 48 divide 2649408?
True
Is 631330340 a multiple of 10?
True
Is 79146972 a multiple of 12?
True
Is 235 a factor of 14139950?
True
Is 365825988 a multiple of 11?
True
Is 168058719 a multiple of 2159?
True
Is 815 a factor of 13914637?
False
Is 73 a factor of 15693542?
False
Does 48 divide 261326640?
True
Is 35575200 a multiple of 4392?
True
Is 412 a factor of 425959105?
False
Is 20 a factor of 528768670?
False
Is 136 a factor of 40570432?
True
Is 294 a factor of 54552582?
True
Is 2941 a factor of 135788911?
True
Does 5031 divide 917780175?
True
Does 23 divide 46643557?
False
Does 74 divide 57328635?
False
Does 17 divide 256385145?
False
Is 145 a factor of 74974135?
True
Does 19 divide 1184213931?
True
Is 51 a factor of 4766728473?
False
Does 213 divide 80064783?
True
Is 211 a factor of 25904679?
False
Does 577 divide 3649574?
False
Is 235650636 a multiple of 87?
True
Is 692 a factor of 165362108?
False
Is 2058837607 a multiple of 1906?
False
Does 24 divide 95466816?
True
Does 19 divide 179830364?
True
Is 3317385936 a multiple of 88?
False
Does 3012 divide 51553392?
True
Is 163613716 a multiple of 681?
False
Does 27 divide 187958464?
False
Does 10259 divide 1865633579?
False
Is 7 a factor of 27230532?
True
Is 660 a factor of 6536640?
True
Is 10788498 a multiple of 21?
True
Does 702 divide 67418846?
False
Does 17 divide 25457790?
False
Is 84 a factor of 1864189328?
False
Does 8 divide 518436552?
True
Does 428 divide 1688460?
True
Is 4072194326 a multiple of 10?
False
Does 123 divide 283014438?
False
Is 3490570670 a multiple of 10?
True
Does 459 divide 433778868?
True
Is 1649 a factor of 761372982?
True
Does 65 divide 211382990?
True
Is 20 a factor of 465153212?
False
Is 14 a factor of 331488635?
False
Is 25009716 a multiple of 58?
True
Is 323245861 a multiple of 127?
True
Does 84 divide 40920806?
False
Is 44 a factor of 192713194?
False
Is 49 a factor of 24111376?
False
Is 126 a factor of 3330432?
True
Does 306 divide 4273152606?
True
Does 23 divide 945713310?
True
Does 11 divide 1643171464?
True
Is 27 a factor of 1010524545?
True
Is 90065340 a multiple of 60?
True
Does 21 divide 1307459244?
True
Is 13 a factor of 1036677688?
False
Does 151 divide 3145315147?
False
Is 14 a factor of 19549698?
True
Is 737 a factor of 141673510?
True
Does 1731 divide 618605317?
False
Does 1072 divide 31990624?
True
Does 139 divide 10235619?
False
Does 3515 divide 452398075?
True
Does 480 divide 446909760?
True
Is 1752877782 a multiple of 161?
False
Does 23 divide 296317081?
False
Is 228946720 a multiple of 160?
True
Is 16 a factor of 20772702?
False
Is 596668625 a multiple of 440?
False
Is 366187008 a multiple of 48?
True
Is 37733568 a multiple of 708?
True
Is 97074860 a multiple of 1493?
True
Is 220480024 a multiple of 46?
True
Is 134604430 a multiple of 47?
False
Is 7 a factor of 45591372?
False
Does 16 divide 166927472?
True
Is 16 a factor of 24382106?
False
Does 36 divide 78612804?
True
Is 2058595778 a multiple of 214?
False
Is 1871 a factor of 87706867?
True
Is 26641776 a multiple of 2402?
False
Is 10 a factor of 39357890?
True
Does 745 divide 61326165?
True
Does 5 divide 18701000?
True
Does 11 divide 1174894903?
False
Is 42645084 a multiple of 41?
True
Is 19 a factor of 104243541?
False
Is 318002944 a multiple of 128?
True
Is 21585327 a multiple of 6?
False
Is 124941544 a multiple of 32?
False
Is 5728 a factor of 1213070235?
False
Is 2999482584 a multiple of 408?
True
Does 973 divide 734995443?
True
Is 176933847 a multiple of 4?
False
Is 5 a factor of 66983218?
False
Is 14 a factor of 270526156?
False
Does 386 divide 117647782?
True
Does 32 divide 6227936?
True
Does 164 divide 980543700?
True
Is 2044489 a multiple of 8?
False
Does 95 divide 1106408469?
False
Is 369547332 a multiple of 1562?
True
Does 510 divide 54075300?
True
Is 183 a factor of 9262054?
False
Is 628043630 a multiple of 89?
True
Is 59 a factor of 217715664?
True
Does 1656 divide 34843896?
True
Does 889 divide 464142955?
False
Does 16 divide 201057050?
False
Does 36 divide 34548552?
True
Is 1084 a factor of 52046092?
True
Is 5033053408 a multiple of 3738?
False
Is 5719 a factor of 437861525?
False
Is 1437 a factor of 1652231529?
False
Is 1648491131 a multiple of 469?
False
Does 6 divide 5097012?
True
Is 312 a factor of 110581536?
True
Is 22 a factor of 45961778?
False
Does 3 divide 377714154?
True
Is 266857707 a multiple of 22?
False
Is 7721780 a multiple of 4?
True
Does 17 divide 370896684?
True
Is 1462533 a multiple of 2?
False
Is 1273584 a multiple of 104?
True
Is 59 a factor of 5466350?
True
Is 7305 a factor of 7291333824?
False
Does 1056 divide 23192928?
True
Is 54 a factor of 372540492?
True
Is 161996938 a multiple of 422?
True
Is 16 a factor of 16643312?
True
Is 359 a factor of 1834849?
True
Does 955 divide 99421230?
True
Does 303 divide 209178777?
True
Is 179328968 a multiple of 6?
False
Does 12179 divide 1083900913?
False
Does 239 divide 368541317?
False
Is 10572 a factor of 3572817972?
True
Is 10 a factor of 9271815?
False
Is 460 a factor of 698211386?
False
Is 2023313477 a multiple of 6241?
True
Does 10 divide 1825595760?
True
Does 4057 divide 1248489901?
False
Is 465382068 a multiple of 33?
False
Does 53 divide 92394676?
False
Does 67 divide 426000338?
True
Is 4 a factor of 15795979?
False
Does 9 divide 398536309?
False
Does 14 divide 4172?
True
Is 21 a factor of 98837781?
True
Is 14376063 a multiple of 7?
False
Does 74 divide 56784186?
False
Is 110 a factor of 25403400?
True
Does 2 divide 7239?
False
Is 1410 a factor of 60116760?
True
Does 57 divide 303417213?
True
Does 64 divide 824846784?
True
Does 46 divide 587343?
False
Does 26 divide 31186064?
True
Is 223680051 a multiple of 63?
True
Is 1050117862 a multiple of 93?
False
Is 201769863 a multiple of 11?
False
Is 20 a factor of 2773529900?
True
Is 4706 a factor of 822971162?
True
Is 132516071 a multiple of 9?
False
Is 12 a factor of 221147?
False
Does 634 divide 361539814?
False
Is 81473943 a multiple of 120?
False
Does 254 divide 11481516?
False
Is 767 a factor of 103403128?
False
Is 218 a factor of 1352815568?
True
Is 255